{"version":"1.0","provider_name":"Protection Suisse des Animaux PSA","provider_url":"https:\/\/tierschutz.com\/fr\/","author_name":"Guido Frefel","author_url":"https:\/\/tierschutz.com\/fr\/author\/guido-frefel\/","title":"Quand m\u00eame la for\u00eat n\u2019offre plus de protection","type":"rich","width":600,"height":338,"html":"<blockquote class=\"wp-embedded-content\" data-secret=\"XEtyL2z9NI\"><a href=\"https:\/\/tierschutz.com\/fr\/quand-meme-la-foret-noffre-plus-de-protection\/\">Quand m\u00eame la for\u00eat n\u2019offre plus de protection<\/a><\/blockquote><iframe sandbox=\"allow-scripts\" security=\"restricted\" src=\"https:\/\/tierschutz.com\/fr\/quand-meme-la-foret-noffre-plus-de-protection\/embed\/#?secret=XEtyL2z9NI\" width=\"600\" height=\"338\" title=\"\u00ab\u00a0Quand m\u00eame la for\u00eat n\u2019offre plus de protection\u00a0\u00bb &#8212; Protection Suisse des Animaux PSA\" data-secret=\"XEtyL2z9NI\" frameborder=\"0\" marginwidth=\"0\" marginheight=\"0\" scrolling=\"no\" class=\"wp-embedded-content\"><\/iframe><script>\n\/*! This file is auto-generated *\/\n!function(d,l){\"use strict\";l.querySelector&&d.addEventListener&&\"undefined\"!=typeof URL&&(d.wp=d.wp||{},d.wp.receiveEmbedMessage||(d.wp.receiveEmbedMessage=function(e){var t=e.data;if((t||t.secret||t.message||t.value)&&!\/[^a-zA-Z0-9]\/.test(t.secret)){for(var s,r,n,a=l.querySelectorAll('iframe[data-secret=\"'+t.secret+'\"]'),o=l.querySelectorAll('blockquote[data-secret=\"'+t.secret+'\"]'),c=new RegExp(\"^https?:$\",\"i\"),i=0;i<o.length;i++)o[i].style.display=\"none\";for(i=0;i<a.length;i++)s=a[i],e.source===s.contentWindow&&(s.removeAttribute(\"style\"),\"height\"===t.message?(1e3<(r=parseInt(t.value,10))?r=1e3:~~r<200&&(r=200),s.height=r):\"link\"===t.message&&(r=new URL(s.getAttribute(\"src\")),n=new URL(t.value),c.test(n.protocol))&&n.host===r.host&&l.activeElement===s&&(d.top.location.href=t.value))}},d.addEventListener(\"message\",d.wp.receiveEmbedMessage,!1),l.addEventListener(\"DOMContentLoaded\",function(){for(var e,t,s=l.querySelectorAll(\"iframe.wp-embedded-content\"),r=0;r<s.length;r++)(t=(e=s[r]).getAttribute(\"data-secret\"))||(t=Math.random().toString(36).substring(2,12),e.src+=\"#?secret=\"+t,e.setAttribute(\"data-secret\",t)),e.contentWindow.postMessage({message:\"ready\",secret:t},\"*\")},!1)))}(window,document);\n\/\/# sourceURL=https:\/\/tierschutz.com\/wp\/wp-includes\/js\/wp-embed.min.js\n<\/script>\n","thumbnail_url":"https:\/\/tierschutz.com\/app\/uploads\/2026\/08\/shutterstock_2775434419-scaled.jpg","thumbnail_width":2560,"thumbnail_height":1368,"description":"La chaleur et la s\u00e9cheresse ne mettent pas seulement les animaux sauvages sous pression certains jours d\u2019\u00e9t\u00e9. Lorsque les points d\u2019eau s\u2019ass\u00e8chent, que les for\u00eats souffrent et que la nourriture se rar\u00e9fie, des milieux de vie entiers se transforment."}

Quand même la forêt n’offre plus de protection

<blockquote class="wp-embedded-content" data-secret="XEtyL2z9NI"><a href="https://tierschutz.com/fr/quand-meme-la-foret-noffre-plus-de-protection/">Quand même la forêt n’offre plus de protection</a></blockquote><iframe sandbox="allow-scripts" security="restricted" src="https://tierschutz.com/fr/quand-meme-la-foret-noffre-plus-de-protection/embed/#?secret=XEtyL2z9NI" width="600" height="338" title="« Quand même la forêt n’offre plus de protection » &#8212; Protection Suisse des Animaux PSA" data-secret="XEtyL2z9NI" frameborder="0" marginwidth="0" marginheight="0" scrolling="no" class="wp-embedded-content"></iframe><script>
/*! This file is auto-generated */
!function(d,l){"use strict";l.querySelector&&d.addEventListener&&"undefined"!=typeof URL&&(d.wp=d.wp||{},d.wp.receiveEmbedMessage||(d.wp.receiveEmbedMessage=function(e){var t=e.data;if((t||t.secret||t.message||t.value)&&!/[^a-zA-Z0-9]/.test(t.secret)){for(var s,r,n,a=l.querySelectorAll('iframe[data-secret="'+t.secret+'"]'),o=l.querySelectorAll('blockquote[data-secret="'+t.secret+'"]'),c=new RegExp("^https?:$","i"),i=0;i<o.length;i++)o[i].style.display="none";for(i=0;i<a.length;i++)s=a[i],e.source===s.contentWindow&&(s.removeAttribute("style"),"height"===t.message?(1e3<(r=parseInt(t.value,10))?r=1e3:~~r<200&&(r=200),s.height=r):"link"===t.message&&(r=new URL(s.getAttribute("src")),n=new URL(t.value),c.test(n.protocol))&&n.host===r.host&&l.activeElement===s&&(d.top.location.href=t.value))}},d.addEventListener("message",d.wp.receiveEmbedMessage,!1),l.addEventListener("DOMContentLoaded",function(){for(var e,t,s=l.querySelectorAll("iframe.wp-embedded-content"),r=0;r<s.length;r++)(t=(e=s[r]).getAttribute("data-secret"))||(t=Math.random().toString(36).substring(2,12),e.src+="#?secret="+t,e.setAttribute("data-secret",t)),e.contentWindow.postMessage({message:"ready",secret:t},"*")},!1)))}(window,document);
//# sourceURL=https://tierschutz.com/wp/wp-includes/js/wp-embed.min.js
</script>

La chaleur et la sécheresse ne mettent pas seulement les animaux sauvages sous pression certains jours d’été. Lorsque les points d’eau s’assèchent, que les forêts souffrent et que la nourriture se raréfie, des milieux de vie entiers se transforment.
